 3890189 a prime number?
True
Is 769 a prime number?
True
Is 215753 a prime number?
True
Is 2109317 composite?
True
Is 257947 a composite number?
False
Is 108219 composite?
True
Is 235273 prime?
True
Is 419165 prime?
False
Is 18514 prime?
False
Is 98871 prime?
False
Is 220291 a prime number?
True
Is 99727 composite?
True
Is 346613 prime?
False
Is 5638 composite?
True
Is 655961 composite?
False
Is 9122 a prime number?
False
Is 20303 a prime number?
False
Is 444993 a prime number?
False
Is 66687 prime?
False
Is 313543 composite?
False
Is 2099 a prime number?
True
Is 27239 a prime number?
True
Is 2939 composite?
False
Is 955 prime?
False
Is 40699 a composite number?
False
Is 137194 a prime number?
False
Is 101257 composite?
True
Is 7343 composite?
True
Is 3967 a prime number?
True
Is 54683 composite?
True
Is 6349 a prime number?
False
Is 294199 prime?
True
Is 4861 a composite number?
False
Is 93273 prime?
False
Is 2631 composite?
True
Is 79451 composite?
False
Is 831191 a composite number?
False
Is 14566 composite?
True
Is 331 prime?
True
Is 13438 prime?
False
Is 3779 prime?
True
Is 15395 a composite number?
True
Is 3487 a composite number?
True
Is 40747 a prime number?
False
Is 826639 composite?
True
Is 216802 a composite number?
True
Is 5093 prime?
False
Is 55345 composite?
True
Is 6187 a prime number?
False
Is 9277 composite?
False
Is 400105 composite?
True
Is 4597 prime?
True
Is 303983 prime?
True
Is 1023127 composite?
True
Is 15107 a prime number?
True
Is 977 prime?
True
Is 7411 prime?
True
Is 19967 composite?
True
Is 6007 composite?
False
Is 1041099 a composite number?
True
Is 479 a prime number?
True
Is 211477 a composite number?
True
Is 12531 a composite number?
True
Is 9147 a prime number?
False
Is 138793 composite?
False
Is 1762 a prime number?
False
Is 135311 a prime number?
False
Is 16279 a prime number?
False
Is 148415 composite?
True
Is 116989 a prime number?
True
Is 13763 a composite number?
False
Is 815305 prime?
False
Is 10162 a composite number?
True
Is 33703 a composite number?
False
Is 4963 composite?
True
Is 5123 prime?
False
Is 32117 composite?
False
Is 234587 a prime number?
True
Is 555389 prime?
False
Is 96029 a composite number?
True
Is 611642 composite?
True
Is 1949 a composite number?
False
Is 75419 a composite number?
True
Is 653153 prime?
True
Is 921 prime?
False
Is 13147 composite?
False
Is 42683 prime?
True
Is 1186 composite?
True
Is 10687 composite?
False
Is 795047 a prime number?
False
Is 75239 a prime number?
True
Is 77281 a prime number?
False
Is 112823 prime?
False
Is 1254763 a prime number?
False
Is 70271 prime?
True
Is 88449 prime?
False
Is 295 a composite number?
True
Is 25723 prime?
False
Is 329761 a prime number?
True
Is 175129 a composite number?
False
Is 200209 a prime number?
False
Is 10963 a composite number?
True
Is 379621 a composite number?
True
Is 5599 a prime number?
False
Is 1131353 a composite number?
False
Is 24571 a prime number?
True
Is 446269 a composite number?
True
Is 16309 composite?
True
Is 17153 prime?
False
Is 48179 prime?
True
Is 6521 a prime number?
True
Is 450579 a prime number?
False
Is 6521 a composite number?
False
Is 208409 composite?
False
Is 513083 a prime number?
True
Is 28895 composite?
True
Is 118127 a composite number?
False
Is 65687 prime?
True
Is 3821 a composite number?
False
Is 224441 prime?
False
Is 30257 a prime number?
False
Is 45053 prime?
True
Is 1827901 prime?
True
Is 18839 a prime number?
True
Is 126307 a composite number?
False
Is 193093 prime?
True
Is 1003 a prime number?
False
Is 9431 prime?
True
Is 34649 a composite number?
False
Is 438937 composite?
False
Is 111949 composite?
False
Is 124258 a prime number?
False
Is 2683 prime?
True
Is 467 a prime number?
True
Is 61027 prime?
True
Is 1083211 a prime number?
True
Is 196961 a prime number?
True
Is 131185 a prime number?
False
Is 350401 a composite number?
True
Is 1298291 a composite number?
False
Is 415759 a prime number?
True
Is 15986 composite?
True
Is 1893163 prime?
True
Is 2179 prime?
True
Is 2099 prime?
True
Is 13201 a prime number?
False
Is 449107 a composite number?
False
Is 21913 a composite number?
True
Is 3143 prime?
False
Is 84107 a prime number?
False
Is 1211 prime?
False
Is 9967 a prime number?
True
Is 21331 a composite number?
True
Is 161351 prime?
False
Is 18319 a composite number?
True
Is 24333 a composite number?
True
Is 164473 a prime number?
False
Is 102073 a composite number?
True
Is 154079 a prime number?
True
Is 3833 composite?
False
Is 31166 a composite number?
True
Is 24623 prime?
True
Is 665101 prime?
False
Is 64706 a composite number?
True
Is 230929 composite?
False
Is 55261 a composite number?
True
Is 323 composite?
True
Is 79385 composite?
True
Is 1716271 composite?
False
Is 2153 prime?
True
Is 1589 a prime number?
False
Is 80167 a composite number?
False
Is 13499 a composite number?
False
Is 1273973 a composite number?
True
Is 10427 composite?
False
Is 45681 prime?
False
Is 118831 composite?
False
Is 25733 a composite number?
False
Is 218067 a prime number?
False
Is 15506 composite?
True
Is 37031 a composite number?
True
Is 115489 a prime number?
False
Is 357515 a prime number?
False
Is 11659 composite?
True
Is 16787 a composite number?
False
Is 10063 composite?
True
Is 917 prime?
False
Is 2735 a composite number?
True
Is 4957 prime?
True
Is 1316299 prime?
True
Is 497941 a composite number?
True
Is 4009 composite?
True
Is 28957 a composite number?
True
Is 1524889 composite?
True
Is 3299 a prime number?
True
Is 17637 a prime number?
False
Is 93521 a composite number?
True
Is 9733 prime?
True
Is 31129 a prime number?
False
Is 634471 a prime number?
True
Is 28463 a prime number?
True
Is 786683 prime?
False
Is 3408337 a prime number?
True
Is 34555 a prime number?
False
Is 537 composite?
True
Is 11561 prime?
False
Is 24691 a prime number?
True
Is 966881 prime?
False
Is 14143 a composite number?
False
Is 105349 composite?
True
Is 583391 prime?
True
Is 30311 a composite number?
True
Is 551 prime?
False
Is 81331 prime?
True
Is 6005 a composite number?
True
Is 36731 composite?
True
Is 284111 a composite number?
False
Is 39817 a prime number?
False
Is 24329 a prime number?
True
Is 330097 composite?
False
Is 3569 prime?
False
Is 54737 prime?
False
Is 760063 composite?
False
Is 370373 prime?
True
Is 114823 prime?
False
Is 203 prime?
False
Is 248363 a prime number?
False
Is 15529 a composite number?
True
Is 4971 a prime number?
False
Is 683 a prime number?
True
Is 3335405 composite?
True
Is 148037 prime?
False
Is 646823 a prime number?
True
Is 11399 composite?
False
Is 6709 a prime number?
True
Is 21257 prime?
False
Is 1839569 composite?
True
Is 161449 a composite number?
True
Is 62189 prime?
True
Is 42557 a composite number?
False
Is 10037 prime?
True
Is 403219 composite?
False
Is 87027 a prime number?
False
Is 7045 a prime number?
False
Is 7177 a composite number?
False
Is 14611 a prime number?
False
Is 8431 composite?
False
Is 1124545 a prime number?
False
Is 303749 prime?
True
Is 344686 prime?
False
Is 447 a prime number?
False
Is 29626 composite?
True
Is 42739 a composite number?
True
Is 789059 prime?
False
Is 185253 a prime number?
False
Is 4754 a composite number?
True
Is 29599 a composite number?
False
Is 60821 composite?
False
Is 8053 a prime number?
True
Is 5891 a prime number?
False
Is 350809 a composite number?
False
Is 14954 a prime number?
False
Is 44953 composite?
False
Is 2018 a prime number?
False
Is 1204729 a composite number?
False
Is 37729 composite?
True
Is 122237 composite?
True
Is 294431 a composite number?
False
Is 27887 prime?
False
Is 448967 a composite number?
True
Is 919 a composite number?
False
Is 502 a prime number?
False
Is 25247 composite?
False
Is 23929 composite?
False
Is 4433735 composite?
True
Is 7394 a prime number?
False
Is 253543 a composite number?
False
Is 3589 a prime number?
False
Is 234431 prime?
True
Is 64849 a prime number?
True
Is 587 a prime number?
True
Is 553217 a composite number?
True
Is 23101 a prime number?
False
Is 180463 a composite number?
False
Is 39181 composite?
False
Is 2129 a composite number?
False
Is 9921 a composite number?
True
Is 386117 a prime number?
True
Is 190699 prime?
True
Is 64553 prime?
True
Is 19031 prime?
True
I